 is the ten thousands digit of 39409106?
0
What is the ten millions digit of 3730593173?
3
What is the ten millions digit of 1449036468?
4
What is the billions digit of 4462002608?
4
What is the millions digit of 3884581618?
4
What is the ten thousands digit of 5207623?
0
What is the tens digit of 48821278?
7
What is the tens digit of 619267711?
1
What is the millions digit of 451264747?
1
What is the tens digit of 33416963?
6
What is the units digit of 6588008898?
8
What is the hundred millions digit of 164452885?
1
What is the ten millions digit of 62771096?
6
What is the millions digit of 7020765?
7
What is the tens digit of 110585081?
8
What is the millions digit of 14031244?
4
What is the tens digit of 10612520?
2
What is the ten thousands digit of 84699864?
9
What is the tens digit of 210553201?
0
What is the millions digit of 44118789?
4
What is the ten thousands digit of 322026754?
2
What is the ten thousands digit of 3096578?
9
What is the hundred millions digit of 131912579?
1
What is the hundreds digit of 262094520?
5
What is the tens digit of 1440482804?
0
What is the thousands digit of 49311193?
1
What is the hundred thousands digit of 148392891?
3
What is the ten millions digit of 5735130155?
3
What is the tens digit of 256462016?
1
What is the units digit of 949205378?
8
What is the hundreds digit of 4861923768?
7
What is the tens digit of 3204496926?
2
What is the millions digit of 44210357?
4
What is the units digit of 475641095?
5
What is the thousands digit of 886635427?
5
What is the units digit of 1638783203?
3
What is the millions digit of 28425109?
8
What is the ten thousands digit of 142329109?
2
What is the hundred millions digit of 274668206?
2
What is the hundred millions digit of 480406470?
4
What is the hundreds digit of 20969307?
3
What is the hundred thousands digit of 258520341?
5
What is the ten thousands digit of 50047318?
4
What is the ten thousands digit of 27659810?
5
What is the thousands digit of 882778129?
8
What is the tens digit of 594682622?
2
What is the hundred millions digit of 1096820245?
0
What is the thousands digit of 683651454?
1
What is the units digit of 228725633?
3
What is the ten millions digit of 1480822129?
8
What is the thousands digit of 2340482400?
2
What is the ten thousands digit of 88317423?
1
What is the ten millions digit of 4416589889?
1
What is the millions digit of 56375308?
6
What is the units digit of 91246775?
5
What is the units digit of 59413806?
6
What is the ten millions digit of 40894810?
4
What is the hundreds digit of 2404767823?
8
What is the tens digit of 7520271273?
7
What is the units digit of 286654313?
3
What is the hundred millions digit of 703116783?
7
What is the ten millions digit of 38152268?
3
What is the hundreds digit of 536455631?
6
What is the hundred millions digit of 160149649?
1
What is the hundreds digit of 10400113?
1
What is the millions digit of 364034334?
4
What is the thousands digit of 2041066823?
6
What is the hundred thousands digit of 568644146?
6
What is the tens digit of 1352599558?
5
What is the ten thousands digit of 739792446?
9
What is the thousands digit of 230102337?
2
What is the hundreds digit of 49623705?
7
What is the tens digit of 3584036211?
1
What is the hundred thousands digit of 5470110?
4
What is the hundred thousands digit of 254880512?
8
What is the millions digit of 35440334?
5
What is the millions digit of 111807298?
1
What is the units digit of 8293928?
8
What is the thousands digit of 21484605?
4
What is the ten thousands digit of 390291143?
9
What is the units digit of 1745835671?
1
What is the ten thousands digit of 24142199?
4
What is the ten millions digit of 4683866516?
8
What is the ten millions digit of 19129268?
1
What is the ten thousands digit of 523494737?
9
What is the hundreds digit of 249480328?
3
What is the thousands digit of 43804171?
4
What is the hundred thousands digit of 133324936?
3
What is the hundreds digit of 86118055?
0
What is the thousands digit of 2674011195?
1
What is the units digit of 72585771?
1
What is the hundred millions digit of 322254846?
3
What is the ten millions digit of 86552590?
8
What is the thousands digit of 1672936755?
6
What is the ten thousands digit of 265379106?
7
What is the tens digit of 163865008?
0
What is the tens digit of 543783385?
8
What is the hundreds digit of 1223641341?
3
What is the millions digit of 10188349?
0
What is the tens digit of 4901611254?
5
What is the hundreds digit of 3317945488?
4
What is the hundreds digit of 209113670?
6
What is the millions digit of 96135976?
6
What is the hundred millions digit of 929303598?
9
What is the units digit of 105754129?
9
What is the millions digit of 253844462?
3
What is the units digit of 64577211?
1
What is the tens digit of 75355285?
8
What is the hundreds digit of 19819964?
9
What is the tens digit of 1269806852?
5
What is the thousands digit of 298774984?
4
What is the hundred millions digit of 1623904312?
6
What is the tens digit of 175964366?
6
What is the millions digit of 2010449604?
0
What is the hundreds digit of 181778881?
8
What is the millions digit of 835396002?
5
What is the tens digit of 1068766112?
1
What is the hundred thousands digit of 513424992?
4
What is the billions digit of 1044896480?
1
What is the tens digit of 55955513?
1
What is the hundred thousands digit of 693723582?
7
What is the millions digit of 144697494?
4
What is the ten thousands digit of 73313676?
1
What is the thousands digit of 3032577831?
7
What is the hundred thousands digit of 56229047?
2
What is the thousands digit of 1270142168?
2
What is the tens digit of 141485798?
9
What is the thousands digit of 134081359?
1
What is the ten thousands digit of 348718221?
1
What is the ten millions digit of 70532887?
7
What is the units digit of 4921524234?
4
What is the hundred millions digit of 1069933900?
0
What is the millions digit of 167990914?
7
What is the ten millions digit of 281839476?
8
What is the ten thousands digit of 820163300?
6
What is the hundred thousands digit of 1282780178?
7
What is the ten thousands digit of 2277274076?
7
What is the billions digit of 4635048539?
4
What is the tens digit of 547005373?
7
What is the ten thousands digit of 62485130?
8
What is the hundred millions digit of 288788269?
2
What is the ten thousands digit of 43521356?
2
What is the ten thousands digit of 6065666054?
6
What is the hundred millions digit of 305833627?
3
What is the tens digit of 59094124?
2
What is the hundred millions digit of 1319772649?
3
What is the units digit of 53686779?
9
What is the billions digit of 1527040249?
1
What is the tens digit of 1012085498?
9
What is the hundred thousands digit of 953648482?
6
What is the hundred thousands digit of 32269028?
2
What is the hundreds digit of 2560665878?
8
What is the tens digit of 94797915?
1
What is the ten millions digit of 72034850?
7
What is the hundred thousands digit of 171846697?
8
What is the hundreds digit of 109695883?
8
What is the hundred thousands digit of 295898121?
8
What is the thousands digit of 146199087?
9
What is the ten millions digit of 59494241?
5
What is the hundreds digit of 2211636532?
5
What is the thousands digit of 580355159?
5
What is the hundreds digit of 52731373?
3
What is the hundred millions digit of 770191922?
7
What is the tens digit of 41150793?
9
What is the ten thousands digit of 159777106?
7
What is the thousands digit of 865641457?
1
What is the tens digit of 1399512592?
9
What is the millions digit of 688404908?
8
What is the ten thousands digit of 1442402243?
0
What is the tens digit of 9712563?
6
What is the tens digit of 2576082694?
9
What is the ten thousands digit of 3941555200?
5
What is the hundred thousands digit of 86603070?
6
What is the ten thousands digit of 8816416?
1
What is the tens digit of 57230566?
6
What is the units digit of 62127397?
7
What is the units digit of 2563270121?
1
What is the tens digit of 500611396?
9
What is the thousands digit of 94778582?
8
What is the billions digit of 4087247431?
4
What is the ten thousands digit of 96600567?
0
What is the tens digit of 2720961721?
2
What is the hundred thousands digit of 74638667?
6
What is the thousands digit of 678357688?
7
What is the t